4).
2
Let m(n) = 2 - 3*n + 0*n + 3*n - n. Give m(4).
-2
Let j(i) = 4*i + 3 - 2*i - i. Let a be j(-3). Let m(h) = h + a + 1 + 3. What is m(0)?
4
Let v(c) = 2*c + 2*c**2 - 3*c**2 - c - 2. Suppose -3*p + 2 = -6*u + u, u - 6 = -p. Give v(p).
-14
Let f(k) = 2*k - 2 - 8*k + k**2 + 2 + 5. Let y be f(4). Let m(u) = 5*u + 35. Let x(v) = -v - 7. Let r(z) = -2*m(z) - 11*x(z). Give r(y).
4
Suppose -2*i = 2*b + 6, b + b = 5*i - 13. Let x(u) be the first derivative of -u**2/2 + 3*u - 1. Calculate x(b).
7
Let n(d) = d**3 - 6*d**2 - 7*d + 1. Let z be n(7). Let t be 2/z*12/8. Suppose t*m = 4*r + 2*m + 15, -4*r + 4*m = 0. Let u(g) = -2*g - 7. Determine u(r).
3
Let x(l) = -7*l**3 - 1. Let c(r) = 2*r - 3*r + 2*r + 6. Let m(n) = 5*n. Let g be m(-1). Let k be c(g). What is x(k)?
-8
Let a = -16 - -28. Suppose -4*b - c + 2 + 8 = 0, 0 = 2*b - 3*c - a. Let m(n) = -6 + n - 1 + b + 3. What is m(5)?
4
Suppose -2*s = -s - 8. Suppose -4*a - q + s = 0, a + 4*q = 4*a - 25. Let c(y) be the second derivative of y**3/6 + y**2 + y. Determine c(a).
5
Suppose -10 = -3*p + z, -4*p + 3*z + 1 = -19. Suppose -2*x = b - 5, p*x - 2*b = 3*b - 25. Let m be 3 - (-3 - x)/(-3). Let k(d) = -d**3 + 2. What is k(m)?
-6
Let x(b) = -b + 4. Let f(t) = t - 5. Let o be f(5). Let l = o - -2. Suppose 0*z = l*z - 4. Determine x(z).
2
Suppose 0 = 2*l + 1 - 11. Suppose l*o + 18 = -7. Let g(h) = h**2 + 4*h - 2. Calculate g(o).
3
Let t(i) = 14*i**3 - 21*i**3 + 8*i**3 + 5*i + 3 - 6*i**2. Give t(5).
3
Let u(k) = k + 4 + 16*k - 11*k. What is u(4)?
28
Let q(h) be the first derivative of -4*h - 1/2*h**2 - 5. Determine q(3).
-7
Let x = -11 - -7. Let q = x - -1. Let b be -5 + 1 - q/3. Let v(d) = -d**3 - 3*d**2 - d + 4. Give v(b).
7
Let s(k) = -k**2 + 2*k**2 - 9*k**2 - 2 + 0 - k**3 - k. Calculate s(-8).
6
Let q(r) be the first derivative of r**2/2 + 7*r + 7. Suppose 3*j - 2*j + 13 = -4*g, 2*g = -4. What is q(j)?
2
Let h = 0 + 2. Let r(a) be the third derivative of 1/30*a**5 - 1/2*a**3 + 1/12*a**4 + 0 + 2*a**2 - 1/120*a**6 + 0*a. Calculate r(h).
1
Let t(m) = -m**2 - 6*m + 6. Let k(d) = 2*d. Let o be k(-3). Let a be t(o). Let u(g) = g**3 - 7*g**2 + 8*g - 9. Determine u(a).
3
Let g(v) = v**2 - 6*v + 4. Let i(m) = m**3 - 4*m**2 + m - 2. Let n be i(4). Let k be n/((-4)/(-6) + 0). Give g(k).
-5
Let c(w) be the first derivative of 1/3*w**3 + 2*w**2 - 4*w + 2. What is c(-4)?
-4
Let z(n) be the second derivative of -5*n**3/6 - 3*n**2/2 + n. Let i(l) = l + 1. Let g(t) = 12*i(t) + 3*z(t). Let h = 22 - 18. Give g(h).
-9
Suppose -5 + 7 = l. Let p(n) be the first derivative of -2*n + 3 + 1/2*n**l. Calculate p(0).
-2
Let v(x) = -x**3 - 5*x**2 + 4*x - 6. Let a be v(-6). Suppose a*z - 5*z = 0. Let k(j) = 4*j**3 + 0*j + z*j - 3*j**2 - 3*j**3 + 2. Calculate k(2).
-2
Suppose -5 = -2*p - 3. Let t(j) = j**2 + j**2 + 2*j**2. Calculate t(p).
4
Let x(k) be the third derivative of 7*k**5/60 + k**4/24 - 19*k**2. Suppose 3*v = m + 7, -5*m - 5*v + 1 = -4. Determine x(m).
6
Let b(u) = u**2 + 4*u - 1. Let r = 13 + -17. Determine b(r).
-1
Let i(z) be the third derivative of z**7/840 + 7*z**6/360 + z**5/20 - z**4/8 - z**3/6 + 4*z**2. Let h(d) be the first derivative of i(d). Determine h(-6).
-3
Let f(h) = -2*h + h - h - 3*h. Let w be f(-1). Let z(b) = -b**2 + 5*b - 5. What is z(w)?
-5
Let s be (-4 - (-3)/1) + -2. Let k be s/9 + (-20)/(-6). Let t(o) = o + 2. Calculate t(k).
5
Suppose 2*f + 46 = 32. Let q(k) be the second derivative of -k**4/12 - 7*k**3/6 + 4*k**2 - 2*k. Determine q(f).
8
Let x(q) = -q**3 + 1. Let h be x(2). Let a(d) = d**3 + 8*d**2 + 5*d - 10. Calculate a(h).
4
Let u be (-1 + 1)*5/5. Suppose 0 = -u*t + 2*t + 6. Let g(v) = v**2 - v - 1. Let c(k) = k**3 + 9*k**2 - 7*k - 5. Let p(x) = -c(x) + 6*g(x). Give p(t).
-4
Let j(m) = -m + 4. Let b be (-36)/(-8)*(-12)/(-9). Determine j(b).
-2
Let n(g) = -g + 9. Let x = 0 + 2. Suppose 4*d - 8 = x*w, -4 = 2*w - d - d. Suppose w = 2*s - s. Determine n(s).
9
Suppose 0 = -5*o, 3*y - 3*o - 3 = -8*o. Suppose -l + y = 6. Let a(u) = -2*u + 5*u - u + 6. Determine a(l).
-4
Suppose 2 - 14 = -2*k. Let f(z) = -3*z - 4. Let g be f(-2). Let u(x) = -x**2 - 3 - 14*x + k*x - g. What is u(-6)?
7
Let o(f) = 3 + 65*f - 66*f - 9. Determine o(0).
-6
Suppose -1 = 3*v + 8. Let x(n) = -3*n**2 + 193*n - 2*n**3 + n**3 - 3 - 196*n. Determine x(v).
6
Let i be ((-4)/3)/(2/(-3)). Suppose 2*x = -4*y - i, y - x + 4*x = 2. Let o(t) = -4*t - 1. What is o(y)?
3
Suppose m - 4*s + 19 = -0*s, 0 = 5*m - s. Let b(d) = 2*d**3 - 3*d**3 + 2*d**3 + 1 - 2*d**2. Give b(m).
0
Suppose 6*l = 5*c + 3*l - 14, 2*c + 10 = -4*l. Let m(s) = -c + 2*s**2 - 6*s**2 - 3*s**2. Let b = -1 + 0. Determine m(b).
-8
Let o(d) = d**2 - 3*d + 2. Let i = 19 - 17. Give o(i).
0
Let w(x) be the second derivative of -17*x**7/2520 + x**5/120 - x**4/4 + 9*x. Let d(f) be the third derivative of w(f). Calculate d(1).
-16
Suppose 8*o + 36 = 20*o. Let f(x) be the second derivative of 5/6*x**o + x - 2*x**2 + 1/20*x**5 + 0 + 1/2*x**4. Calculate f(-4).
8
Let x(r) = -r. Suppose -l - 2 = -1. Let d(c) = -5*c + 3. Let n(b) = l*d(b) + 3*x(b). What is n(-3)?
-9
Let r(b) = -b**3 - 4*b**2 - 2*b. Let w = -3 - -1. Determine r(w).
-4
Let l(b) = -2*b**3 - 3*b**2 + b + 2. Let a = -16 - -8. Let p = a + 7. Let n be (-2 - p) + 2/(-2). Give l(n).
4
Suppose -2*c = c - 18. Let g = -5 + c. Let i(x) = 3*x + g - 9*x - 4*x**3 + 5*x**3 - 3*x**2. Determine i(4).
-7
Let q(b) be the second derivative of b**4/12 - 7*b**3/6 - b**2/2 + 2*b + 1. What is q(7)?
-1
Let h(x) = -x**2 + 4*x - 4. Suppose 3*l - 5*w = 4, -4 = -4*w - 0*w. Suppose c = 5*r - 20, 10 = l*c + r - 2*r. Determine h(c).
-9
Let z(m) = -4*m + 5. Let n(u) = 3*u - 5. Let f(y) = 5*n(y) + 4*z(y). Let h(v) = -v**3 - 4*v**2 + 7*v + 6. Let c be h(-5). Give f(c).
-1
Let u(f) be the third derivative of f**6/120 - f**5/12 + f**4/24 + 5*f**3/6 - 8*f**2. Calculate u(4).
-7
Let b(u) = -2*u. Let x = -1 - 3. Let t = x - -7. What is b(t)?
-6
Let k(j) = -j + 5. Let g be (0 + 0)*(-6 + 5). Suppose g = -t - 0*t. What is k(t)?
5
Let h(g) = 2*g + g**2 - 3 + 3*g - 7*g. Calculate h(-3).
12
Let v = -16 - -22. Let i(f) = -f**2 + 5*f + 8. Give i(v).
2
Let m(w) be the first derivative of -w**4/4 - 2*w**3 - 3*w**2 + 2*w + 5. Let b be (-2)/(-2) - (-12)/(-2). Calculate m(b).
7
Let n(s) be the third derivative of -s**6/120 + s**5/60 + 8*s**3/3 - 24*s**2. Calculate n(0).
16
Suppose 3*i - 4*q = -6, 2*q - 6*q + 8 = -2*i. Let w be i - (-3 + 3 + 6). Let a(l) = 3*l + 4. Give a(w).
-8
Suppose 10 = 3*d - 2, 3*k + d = 10. Suppose k*w - 10 = -2. Let y(n) = -n**3 + 4*n**2 - n + 2. What is y(w)?
-2
Let g be (2 + 2)/(1/1). Suppose g*l + 8 = 6*l. Let q(o) = -o + 0 + 0*o + 1. Calculate q(l).
-3
Let r(l) = l**2 + 2*l - 5. Let v be r(-4). Let w(i) = -3*i + v + i - i - i. Let h be (-26)/(-8) - (-2)/(-8). Calculate w(h).
-9
Let b(m) = m**2 - m. Let y be b(1). Let c(u) = -5 + y*u + 6 + 2*u + 0*u. Calculate c(5).
11
Let d(s) = -6*s**3 - 2*s**2 - s. Suppose -3*j - 10 = j + b, -j + 4*b = 11. Let n = 1 - j. Suppose -c - 5 = n*c. What is d(c)?
5
Let j be -25 + 25 - (-4)/(-1 + 0). Let z(a) = 2*a - 3. Let i be z(2). Let q(n) = 4*n**2 - 4*n**2 + 4*n + i + n**2. Give q(j).
1
Let x = 3 + 2. Suppose -3*m = x + 4. Let f(k) be the third derivative of k**4/24 - k**2. What is f(m)?
-3
Let f(v) = -85*v - v**2 + 0 + 96*v - 13. Determine f(9).
5
Suppose -2*r = 0, -5*t + 2*t = -r - 6. Let z(o) be the first derivative of -o**4/4 - 2*o**3/3 + o**2/2 + o + 2. Calculate z(t).
-13
Suppose 5*i = -1 + 21. Suppose -3*j - i*v = -4, 0*j - 4*j + 12 = 2*v. Let k(p) = 7*p**2 + p - 1. Let c(b) = -4*b**2 - b. Let g(z) = 5*c(z) + 3*k(z). Give g(j).
5
Let h(i) = 2*i**2. Let d be h(-1). Let g(x) = 3*x**2 + 2*x**2 - x**3 - x - 1 + 0*x**3. Determine g(d).
9
Let v(u) = 3*u - 1. Let s(w) = -w**2 + 12*w - 10. Let q be s(11). What is v(q)?
2
Let v(q) = -q**2 - q + 1. Let d be 3 - (3 - 3 - -6). Calculate v(d).
-5
Let h be (2/6)/((-5)/(-90)). Suppose -4*j - 5*y + 32 = 0, -h = -2*y + 2. Let a(n) = -3*n - 4. Give a(j).
-13
Let g(a) = -a + 9. Let v(w) = -w**3 + 4*w**2 - 2*w - 3. Let d be v(3). Determine g(d).
9
Let m(r) = 1 - 3 + 35*r - 33*r. Calculate m(3).
4
Let q(g) be the first derivative of g**4/2 + 5*g**3/3 + 7*g**2/2 - 4*g + 3. Let y(u) = -u**3 - 5*u**2 - 7*u + 5. Let p(a) = 2*q(a) + 3*y(a). Calculate p(6).
1
Suppose 3*f - 3*c = 9,